/2.
3, 7
What are the prime factors of (-376604)/(-16)*((-10)/3)/((-15)/18)?
94151
Let g(u) = 99*u**2 - 1065*u + 8589. What are the prime factors of g(8)?
3, 5, 7, 61
Let q = 3 - 18. Let r(t) = -7*t - 41. Let x be r(q). Let n = x + -35. List the prime factors of n.
29
Suppose -3*o + 4*w - 4712 = -25223, 9 = 3*w. What are the prime factors of o?
6841
Let a(x) = -14*x**2 - 3*x. Let t be a(-3). Let c = t - -56. Let m = 175 + c. List the prime factors of m.
2, 3, 19
Let q = -933 + 1792. Suppose -735 = 858*z - q*z. List the prime factors of z.
3, 5, 7
Let p be 2/(-3) - (-1380)/(-9). Let o = -128 - -180. Let x = o - p. What are the prime factors of x?
2, 103
Let t = 257 - 9. Let y be 1*(0/4 + 0) + t. Suppose -4*q + y = -4*z, 5*q - 472 + 135 = -4*z. What are the prime factors of q?
5, 13
Let x = -62 + 67. Suppose -3*w = -x*f - 29, 5 = 3*w - 4. What are the prime factors of -1 - -230 - (-1 + 2 + f)?
2, 29
Let x = 33 + -30. Suppose -5*v + 7 = o, 2*o = -x*v + o + 3. Suppose -v*j - r = j - 42, 56 = 5*j - 3*r. List the prime factors of j.
13
Let j(t) = t**2 - t - 102. Let d(n) = -2*n**2 + 2*n + 205. Let q(s) = 6*d(s) + 13*j(s). Let i be q(0). Let l = 178 + i. List the prime factors of l.
2, 41
Suppose 178*y = 121*y + 2189712. List the prime factors of y.
2, 7
Let a(k) = 40*k - 53. Let u(s) = 9*s + 59. Let n be u(-6). List the prime factors of a(n).
3, 7
Let k(s) = 222*s**2 - 8*s - 6. Let b be k(-5). Let y be ((-2)/4)/((-8)/b). Suppose -4*j + c = -y, c - 133 = -2*j + 40. What are the prime factors of j?
3, 29
Suppose 2*z + 4*b - 4 = 0, 0 = -z - 0*b - b + 1. Let y be (-9 - z)*(14/6 - 0). Let l(c) = -c**3 - 20*c**2 + 21*c + 2. List the prime factors of l(y).
2
Suppose 0 = 5*f + 3*b - 14, 5 + 3 = -4*f + 4*b. Let c(t) = -9*t**2 - 2*t + 1. Let h be c(f). List the prime factors of h/(-20) + (-118)/(-4).
2, 3, 5
What are the prime factors of 67*((242 - 1) + (9 - -1))?
67, 251
Let o = -3 + 75. Let r = o - -414. List the prime factors of r.
2, 3
Suppose -3825*a + 3813*a + 134496 = 0. What are the prime factors of a?
2, 3, 467
Let b(q) = q - 127 - 20*q + 3*q - 12*q. List the prime factors of b(-10).
3, 17
Let c be 14/(-4) - 2/4. Let l be 8/10 + c/5. Suppose z - 5*y - 22 = -l*z, -y - 1 = 0. List the prime factors of z.
17
Suppose -2*p - p = -21. Let q be 257 + p/(14/(-6)). Suppose 6*f - q = 286. List the prime factors of f.
2, 3, 5
List the prime factors of (-1 - 2)*(-396 + 36/12).
3, 131
Let o be -2*(-10)/((-4)/(-2 - 0)). Suppose -12*v + 74 = -o*v. Suppose x - 5 = v. List the prime factors of x.
2, 3, 7
Suppose -14*c + 455321 + 351401 = 0. What are the prime factors of c?
29, 1987
Let n(v) = -7 - 4*v**2 + 3*v**2 + 3*v**2 - 3*v**2. Let o be n(-5). List the prime factors of 1 - o*(3 - 2).
3, 11
Suppose 19*f - 22*f + 7062 = 0. Let g = -947 + f. What are the prime factors of g?
3, 7, 67
Let w = 74040 - 25684. What are the prime factors of w?
2, 7, 11, 157
What are the prime factors of (-1)/(14/1381520*-8)?
5, 2467
Suppose -3*v = 2*d + 3*d - 127, 0 = 4*d + v - 96. Suppose 19*o = d*o - 4532. List the prime factors of o.
11, 103
Let u = 40 - 28. Let i(a) = -a**2 + 15*a - 56. Let r be i(9). What are the prime factors of (-316)/u*(r + -1)?
79
Suppose d + 110916 = 19*d. What are the prime factors of d?
2, 3, 13, 79
Let u = 373 - 192. Suppose 9 = p + 5*y - u, -358 = -2*p + y. What are the prime factors of p?
2, 3, 5
Let w(k) = 2*k**2 + 10*k - 10. Let m be w(-6). Suppose 4*r - 2*n = 1130, -569 = -m*r - 0*r + 5*n. What are the prime factors of r?
2, 3, 47
Let t(q) = -942*q - 3519. List the prime factors of t(-47).
3, 5, 11, 13, 19
Suppose 4*m - 81 = -65. Let o be 0 + (1 - (12 - m - 3)). What are the prime factors of 81/3*(-11)/6*o?
2, 3, 11
Let v(m) = m**2 - 12*m - 21. Let r be v(15). Let d be -1 + 3010/6 - 16/r. Suppose -21*z = -26*z + d. List the prime factors of z.
2, 5
Let y = 12 - 9. Suppose 8*j = y*j. Suppose -2*c = -j*c - 88. List the prime factors of c.
2, 11
Suppose -10 - 15 = -5*l. Let s(f) = -f**3 - f**2 + 2*f - 1. Let m(z) = 2*z**3 + 10*z**2 - 15*z + 13. Let j(u) = m(u) + 3*s(u). List the prime factors of j(l).
3, 5
Let x be (-185)/(-25) + (-6)/15. Suppose -x*h + 2*h + 335 = 5*z, 0 = 5*z + 15. Let q = h + -31. What are the prime factors of q?
3, 13
Let s(a) = -53*a + 35. Let v(d) = 27*d - 17. Let t(x) = 2*s(x) + 5*v(x). Let j = -6560 - -6564. List the prime factors of t(j).
101
Let c = 191 + -189. Suppose c*n - 794 = r - 45, -4*n + r = -1495. List the prime factors of n.
373
Suppose 2*x = 3*y - 1555, 0*x = x - 5*y + 760. Let b be (-4)/3 - x/15. Suppose 509 = 5*d - b. What are the prime factors of d?
2, 7
Let p(j) be the third derivative of j**7/420 - j**4/4 + 11*j**2. Let x(q) be the second derivative of p(q). What are the prime factors of x(-1)?
2, 3
Suppose 0*o + 18*o - 4410 = 8*o. List the prime factors of o.
3, 7
Let g(m) = 40 + 6*m - 32 - 15 - 24. Let y(t) = -t**2 - 6*t + 2. Let f be y(-4). What are the prime factors of g(f)?
29
Let t(a) = 13*a - 67. Suppose -17*b + 6 = -215. What are the prime factors of t(b)?
2, 3, 17
Suppose 142*x + 16476 = 144*x. List the prime factors of x.
2, 3, 1373
Suppose -4*c - 5885 = -3*o, -6317 + 462 = -3*o - 2*c. What are the prime factors of o?
5, 17, 23
Let q = 994 + -11. Suppose -2*c - 223 = -q. List the prime factors of c.
2, 5, 19
List the prime factors of 39/(-9)*(72/(-12))/(2/1289).
13, 1289
Let u be 3/(-2)*(-22)/11. Suppose 9 + 90 = -u*r. Let j = 5 - r. List the prime factors of j.
2, 19
Let h be 787 + ((-28)/4 - 0). Let b(d) = d**3 + 4*d**2 - 6*d + 1. Let y be b(-5). Suppose j = y*j - h. List the prime factors of j.
2, 3, 13
Suppose -9840 = 44*r - 14*r. Let p = r + 543. What are the prime factors of p?
5, 43
List the prime factors of 27909100/1500 + 2/(-30).
2, 3, 7, 443
Let d be (-3)/18 - 71834/(-84). Let o = d - 81. List the prime factors of o.
2, 3, 43
Suppose 6*k = -k + 21. Suppose -6*q - 10 = -l - 2*q, 4*q = k*l - 6. What are the prime factors of (-1)/l + -9*(-27)/2?
2, 61
Let i = 35 + -30. Suppose 3*p = g + 1992, p - i*g - 718 + 54 = 0. Suppose -7*s + p + 533 = 0. What are the prime factors of s?
3, 19
Let r = -370 + 557. Let c = r + 153. What are the prime factors of c?
2, 5, 17
Let y(m) = 2*m + 248. Let i = -44 - -44. Let g be y(i). Suppose g = 5*l + 73. List the prime factors of l.
5, 7
Let y(t) = -242*t + 315. List the prime factors of y(-20).
5, 1031
Suppose -5 = l - 4. Let g be 21/14*(2 + l - -1). Suppose -3*v = 5*x - 320, -20 + 206 = g*x + 3*v. What are the prime factors of x?
67
Suppose -19*h = -123*h + 913470 - 54742. List the prime factors of h.
23, 359
Let d(a) = -a**2 + 21*a - 86. Let b be d(7). Let z(v) = 4*v**2 - 20*v - 57. List the prime factors of z(b).
3, 31
Suppose 0 = -w - 3*g + 6*g + 25865, 2*w = -g + 51765. What are the prime factors of w?
2, 5, 647
Suppose 0 = -4*j - 842 + 10474. Suppose 0 = 16*s - 12*s - j. What are the prime factors of s/4 + (-11)/22?
2, 3, 5
What are the prime factors of (770/60 + -13)/((-1)/60366) + 0?
10061
Let s(j) = 37*j**2 + 7*j + 9. Suppose 4*z + 4*r = -32, 2*z + r - 5 = 6*r. List the prime factors of s(z).
29, 31
Suppose 0 = z + 2960 - 2967. List the prime factors of 1546 + -9 + 7 + z.
3, 11, 47
Suppose -178*f = -162*f. Suppose -55*g - 5*g + 66840 = f. What are the prime factors of g?
2, 557
List the prime factors of (-275)/(-15)*3/(-5) - -8773.
2, 13, 337
Suppose 17*n - 33*n = -96. Suppose -n*j + 4*j + 362 = 0. List the prime factors of j.
181
Let s(r) = 10*r**2 + 57*r + 39. List the prime factors of s(20).
5179
Let u = -126 + 127. List the prime factors of -1*(138/(-3) - u).
47
Suppose -108*o - 44*o - 1596595 + 8009171 = 0. List the prime factors of o.
2, 53, 199
Let i = -2955 - -5898. What are the prime factors of i?
3, 109
Let g = 165 - 162. Suppose r + 5*c + 2 = 23, 5*r - g*c = 161. What are the prime factors of r?
31
Let m = -530 + -402. Let i = -443 - m. List the prime factors of i.
3, 163
Let p = 295 + -291. Suppose 0 = -13*u + 14*u - 4, p*a + u = 2564. What are the prime factors of a?
2, 5
Let h = 187 - 273. Let q = 108 + h. What are the prime factors of q?
2, 11
Let r be (-52)/6 + (-6)/(-9). List the prime factors of 16579/11 + r/44.
11, 137
Suppose 191*v + 3*m + 55643 = 195*v, 2*v - 3*m = 27829. List the prime factors of v.
13907
Let v(o) = -44*o - 12. L